nd 13.
13
Calculate the highest common factor of 682 and 4480058.
682
What is the highest common divisor of 2 and 214524?
2
Calculate the highest common factor of 210149 and 155.
31
What is the highest common factor of 101574 and 6270?
1254
Calculate the greatest common factor of 2376 and 21560.
88
Calculate the highest common divisor of 3286 and 5194.
106
What is the greatest common factor of 138761 and 602?
301
What is the highest common divisor of 351 and 1261?
13
What is the greatest common divisor of 13568 and 8904?
424
Calculate the highest common factor of 60533 and 341.
11
What is the highest common divisor of 113042 and 78?
2
What is the greatest common factor of 35300 and 875?
25
Calculate the greatest common divisor of 179428 and 15748.
124
What is the highest common factor of 259 and 15392?
37
What is the highest common factor of 235 and 38735?
5
What is the greatest common divisor of 508066 and 52?
26
Calculate the greatest common factor of 21 and 1043196.
21
Calculate the greatest common factor of 66 and 3875366.
22
What is the greatest common divisor of 340487 and 766?
383
Calculate the greatest common factor of 1946 and 1526.
14
Calculate the highest common factor of 10 and 29045.
5
Calculate the highest common factor of 842506 and 686.
98
Calculate the highest common factor of 263743 and 4268.
97
Calculate the highest common divisor of 4071 and 22149.
69
What is the highest common factor of 3536 and 2314?
26
Calculate the highest common factor of 153 and 1088323.
17
What is the greatest common factor of 33159 and 63?
21
What is the greatest common divisor of 2 and 717089?
1
Calculate the greatest common divisor of 39942 and 5418.
126
Calculate the highest common factor of 133377 and 69.
69
What is the greatest common divisor of 35581 and 46?
23
Calculate the highest common divisor of 23664 and 2004.
12
Calculate the greatest common divisor of 462 and 12432.
42
What is the highest common factor of 20486 and 24?
2
What is the greatest common factor of 9962 and 4454?
34
What is the greatest common divisor of 12048 and 912?
48
What is the greatest common factor of 129 and 22532?
43
What is the highest common factor of 27 and 514971?
27
What is the highest common factor of 6371 and 3151?
23
What is the highest common factor of 2601 and 15623?
17
Calculate the highest common factor of 20706 and 2499.
357
What is the highest common divisor of 162270 and 15?
15
Calculate the highest common factor of 132435 and 675.
135
Calculate the greatest common divisor of 444384 and 1440.
288
What is the highest common divisor of 246767 and 69?
23
What is the greatest common factor of 6496 and 63?
7
What is the highest common divisor of 8 and 37633?
1
Calculate the highest common factor of 21 and 43869.
21
What is the highest common divisor of 10037625 and 1885?
1885
Calculate the greatest common factor of 572462 and 99.
11
Calculate the greatest common divisor of 1680 and 276990.
210
Calculate the greatest common divisor of 21243 and 15.
3
Calculate the greatest common divisor of 3938 and 5.
1
Calculate the greatest common factor of 477 and 394479.
477
What is the greatest common divisor of 1001076 and 48?
12
Calculate the highest common divisor of 984744 and 2115.
423
Calculate the highest common divisor of 22905 and 75.
15
What is the highest common factor of 122065 and 5?
5
Calculate the greatest common divisor of 104517 and 336.
21
Calculate the greatest common divisor of 2875 and 12875.
125
Calculate the highest common divisor of 10 and 1288465.
5
What is the greatest common factor of 150 and 4198170?
30
What is the greatest common divisor of 186 and 949778?
62
Calculate the highest common factor of 536 and 100701.
67
Calculate the greatest common factor of 8921 and 22.
11
Calculate the greatest common factor of 205809 and 186.
93
Calculate the greatest common divisor of 700 and 757225.
175
What is the greatest common factor of 12180 and 3360?
420
Calculate the greatest common divisor of 1489 and 4.
1
What is the greatest common divisor of 2007 and 1143?
9
Calculate the greatest common factor of 233237 and 179.
179
Calculate the greatest common factor of 716270 and 1066.
82
Calculate the greatest common factor of 84 and 43652.
28
What is the greatest common factor of 92218 and 490?
98
Calculate the greatest common factor of 90 and 120924.
18
What is the greatest common divisor of 1481942 and 1386?
154
Calculate the greatest common factor of 621 and 4439.
23
Calculate the greatest common divisor of 301 and 2485.
7
Calculate the greatest common factor of 754 and 1943.
29
Calculate the greatest common factor of 4833 and 1404.
27
What is the highest common factor of 2940 and 1974?
42
What is the greatest common factor of 82160 and 240?
80
What is the highest common divisor of 34121 and 298?
149
What is the highest common factor of 360 and 901008?
72
Calculate the greatest common factor of 382206 and 66.
66
What is the greatest common divisor of 665 and 1015?
35
What is the highest common divisor of 32011 and 1614?
269
What is the highest common factor of 452403 and 21?
21
Calculate the highest common factor of 451500 and 96.
12
Calculate the highest common divisor of 174 and 5124.
6
Calculate the greatest common divisor of 29770 and 5720.
130
What is the greatest common divisor of 665 and 2219?
7
Calculate the greatest common factor of 3492 and 11931.
291
Calculate the highest common divisor of 128 and 1456.
16
Calculate the highest common factor of 5550 and 45.
15
Calculate the greatest common factor of 504 and 33944.
8
What is the highest common factor of 196 and 164689?
49
What is the highest common divisor of 78 and 12570?
6
Calculate the greatest common factor of 385 and 4837.
7
Calculate the highest common factor of 930 and 570.
30
What is the highest common divisor of 808986 and 146?
146
Calculate the greatest common factor of 14181 and 232.
29
Calculate the highest common factor of 1254 and 19855.
209
Calculate the highest common factor of 329 and 7637.
7
What is the highest common divisor of 806 and 1339?
13
Calculate the greatest common factor of 163270 and 70.
10
Calculate the greatest common divisor of 652 and 23.
1
Calculate the highest common divisor of 18148 and 364.
52
What is the greatest common factor of 22 and 70466?
22
Calculate the highest common divisor of 1530 and 5337.
9
What is the highest common factor of 330 and 36091?
11
What is the highest common factor of 20048 and 3222?
358
Calculate the greatest common factor of 12943 and 559.
43
Calculate the highest common factor of 3956 and 6854.
46
What is the greatest common factor of 48 and 440364?
12
What is the highest common factor of 33 and 526273?
11
What is the highest common factor of 2599 and 736?
23
What is the highest common divisor of 578 and 208658?
578
Calculate the greatest common factor of 13926 and 29436.
66
What is the highest common factor of 395 and 755?
5
What is the greatest common divisor of 221028 and 226?
226
Calculate the greatest common divisor of 39028 and 198.
22
What is the greatest common factor of 38 and 346883?
19
What is the greatest common divisor of 212 and 47594?
106
Calculate the greatest common divisor of 13419 and 4686.
213
What is the highest common factor of 38228 and 437?
19
What is the greatest common factor of 2020039 and 7?
7
What is the greatest common factor of 218946 and 6279?
273
What is the greatest common factor of 156 and 58032?
156
What is the highest common factor of 402454 and 1794?
598
Calculate the highest common divisor of 54 and 8766.
18
What is the highest common divisor of 3888 and 5130?
54
What is the greatest common factor of 470 and 535?
5
Calculate the greatest common divisor of 11125 and 4361.
89
Calculate the highest common factor of 7133 and 3899.
7
What is the greatest common factor of 91 and 242081?
7
What is the highest common divisor of 1474 and 47034?
134
What is the greatest common factor of 1168 and 4234?
146
Calculate the highest common divisor of 228712 and 82984.
2024
What is the highest common factor of 8 and 60374?
2
Calculate the greatest common factor of 937605 and 60.
15
What is the greatest common divisor of 711241 and 467?
467
Calculate the highest common factor of 51 and 3575763.
51
Wh